factor of 14 and h?
2
Let r(s) = 11*s**2 + 2*s - 2. Let g be r(2). Let c = 87 - g. Suppose -5*j = 1 - c. Calculate the highest common divisor of 32 and j.
8
Let n(j) = 13*j**2 + 2*j + 3. Let f be n(-2). Let l(h) = h**3 - 9*h**2 - 6*h - 6. Let w be l(10). Calculate the highest common factor of f and w.
17
Let h = 318 - 197. Calculate the highest common factor of 11 and h.
11
Let s be 18 + ((-24)/(-13) - 8/(-52)). Let b(z) = -19*z + 2. Let y be b(-2). What is the highest common factor of s and y?
20
Suppose 64 = -2*g + 6*g - 3*u, g - 3*u = 16. What is the greatest common divisor of 12 and g?
4
Let q be 1196/20 + 3/15. Calculate the highest common factor of 20 and q.
20
Let h(j) = j**3 + 11*j**2 - j - 14. Let b be h(-11). Let s be 2*((-114)/4)/b. Calculate the greatest common factor of s and 133.
19
Suppose 4*x - 53 = -f + 55, -3*f = 0. What is the highest common divisor of 3 and x?
3
Let q be (1/((-4)/(-10)))/((-7)/(-42)). Let t = -8 - -14. What is the highest common factor of t and q?
3
Let k be -2 + 34 + -3 + 2. Suppose -3*w - k = 38. Let j = w + 50. What is the greatest common divisor of j and 18?
9
Let s be (-1 + -34)*2/(-5). Suppose -4*f + 36 = 2*q, 2*q + q + 4*f - 50 = 0. Calculate the greatest common factor of q and s.
14
Let f = -16 - -30. Let t(h) = 2*h**3 - h**2 - 2*h - 2. Let x be t(-2). Let r = 39 + x. Calculate the highest common divisor of r and f.
7
Suppose -3*y + 24 = -51. Calculate the greatest common divisor of y and 10.
5
Let o = 85 - 51. Let t be (-14)/(-56) - (-134)/8. What is the highest common factor of o and t?
17
Suppose 4*v + v = 0. Suppose v = 4*s - 7*s. Suppose 4 = b - s, -2*b - 8 = -2*p. Calculate the greatest common divisor of 32 and p.
8
Suppose 0 = -6*a + 2*a + 20. Calculate the highest common factor of 1 and a.
1
Suppose -24 = -12*q + 4*q. Calculate the highest common factor of q and 3.
3
Let y(t) = t**3 + 11*t**2 + 3. Let p be y(-11). Calculate the greatest common factor of 3 and p.
3
Let c(r) = r**3 - 6*r**2 - 6*r + 1. Let z be (7/3)/((-2)/(-6)). Let s be c(z). Suppose -q + s = -163. What is the highest common factor of 19 and q?
19
Suppose -255 = -39*t + 24*t. What is the greatest common factor of 51 and t?
17
Let q be (1*(-1 - -7))/(-2). Let u be 2/q + (-65)/15. Let k(d) = -d**2 - 6*d - 2. Let f be k(u). What is the greatest common divisor of 15 and f?
3
Let y be (-1*(-4)/(-16))/((-1)/52). Let o be -4*3*(-78)/9. What is the greatest common factor of o and y?
13
Let l(b) = b**3 + 8*b**2 + 7*b - 3. Let t be l(-6). Let x = -7 - -7. Let k be 3*(x - -1) - 0. What is the greatest common factor of t and k?
3
Suppose 28 = s - 2*n, -31 = 3*s - 5*s - n. Calculate the greatest common divisor of 18 and s.
18
Let h(m) = 3*m**2 - 3*m - m**2 - m**2 - 2 + 6. Let q be h(4). Suppose -u - 3*u = -5*j + 204, -3*j + 115 = 5*u. Calculate the greatest common factor of j and q.
8
Let d(r) = -r**3 + r**2 - r + 38. Let v be d(0). Let s be (-3)/(-2 + v/16). Let l be (-78)/s + 4/16. Calculate the highest common factor of l and 50.
10
Let d be (-2)/(-7) + 220/14. Suppose -4*c = -34 - 14. Let p be (c/(-10))/((-6)/80). What is the greatest common factor of d and p?
16
Let w be (-2)/(-9) - 129/(-27). Let z(u) = 12*u - 5. Let i be z(5). What is the highest common factor of w and i?
5
Let k be (8/14)/(12/210). Let h = 1 - 2. Let n(v) = -31*v**3 - 2*v**2 + 1. Let r be n(h). Calculate the greatest common divisor of r and k.
10
Let k(o) = o**2 - 6*o + 1. Let i(m) = m**2 + 7*m - 1. Let b be i(-8). Let d be k(b). Suppose 3*c = -c + d. Calculate the highest common factor of 4 and c.
2
Suppose 23 = 4*i - 5*y, -i + 4*i = 5*y + 11. What is the greatest common divisor of i and 24?
12
Suppose 0*y + 96 = 2*y. Let p be 10/(-55) + y/22. Let t(i) = 9*i**2 - i. Let w be t(-1). What is the highest common factor of p and w?
2
Suppose -115 = -4*o + 2*v + 15, 5*o + 2*v - 140 = 0. Suppose m - 16 = -4. What is the greatest common factor of m and o?
6
Suppose w = 2 - 0. Suppose -w*o + 32 = -3*t, -4*t = 21 - 5. Suppose 6 = 4*i - o. What is the greatest common factor of i and 24?
4
Let c be (-4 - (-3 + -2)) + 0. Calculate the greatest common divisor of c and 13.
1
Let j = -96 - -120. What is the greatest common divisor of 42 and j?
6
Suppose -140 = -5*v - 2*l, -78 = -5*v + 4*l + 92. Calculate the highest common divisor of v and 240.
30
Let x(k) = k**2 + k - 4. Let z be x(3). Suppose 0 = 5*q - 7 - 3. Suppose -1 + 0 = n, 3*v - q*n - 194 = 0. Calculate the highest common divisor of v and z.
8
Let h(f) = f**3 + 18*f**2 - 3*f + 16. Let s be h(-18). What is the highest common factor of s and 10?
10
Let g(d) = -134*d + 1. Let m be g(-1). Calculate the greatest common factor of m and 15.
15
Let a = 15 + 4. Suppose a = -3*u - 5*t + 53, -3*t = -3*u + 18. Suppose 4*q - 37 - 16 = -5*y, -5*q = -3*y - 57. What is the highest common factor of q and u?
4
Let d be ((-240)/(-18))/(1*1/3). Calculate the greatest common factor of 280 and d.
40
Let g = 380 - 245. Calculate the highest common factor of g and 9.
9
Let r(p) = -p**2 - 14*p - 2. Let l be r(-13). Calculate the highest common factor of l and 99.
11
Let m be 3030/(-21) + 4/14. Let k be ((-14)/(-4))/((-6)/m). Calculate the highest common factor of 12 and k.
12
Let h be 8/4 + 5 + -2. Let b = -4 + h. Suppose 0*i = i - b. Calculate the highest common divisor of i and 1.
1
Suppose -3*c = -3, 4*i + 3*c + 6 = 89. What is the highest common factor of i and 80?
20
Let k = 1 + 5. Let f be 2/k*(1 - 4). Let o be f/((-1)/(-1)) + 12. What is the highest common divisor of 44 and o?
11
Let z be (-4)/(-2) + (37 - 12). Calculate the highest common divisor of z and 216.
27
Suppose -5*t = -5*u - 3*t - 10, -4 = 2*u + 2*t. Let l be 2*(-6)/(-4) - u. What is the greatest common divisor of l and 2?
1
Suppose -5*k + 0*w + 40 = -w, k + 5*w - 8 = 0. Suppose 4*d = 3*o - 8*o + 8, 2*d + 14 = 2*o. Let j = k - o. Calculate the highest common divisor of j and 4.
4
Let l(v) = 8*v**3 + v**2 - 2*v + 1. Let h = -6 + 7. Let b be l(h). What is the greatest common factor of b and 64?
8
Let m(t) = -17*t + 1. Let g be m(-7). What is the greatest common factor of g and 24?
24
Let n be (0 + -1)/((-6)/30). Suppose -n*o + 4*p = -82, 30 = 2*o + p - 4*p. What is the highest common factor of 36 and o?
18
Let a(h) = h**3 - 4*h**2 - 3*h - 4. Let t be a(4). Let y be ((-84)/t)/(3/8). Calculate the greatest common divisor of 154 and y.
14
Let j = 13 + -4. What is the greatest common factor of j and 99?
9
Let o = 1 + 9. Let l = 34 - 107. Let p = l - -103. What is the highest common factor of p and o?
10
Suppose 0*g + q = -5*g + 14, 0 = -4*g + 4*q - 8. Suppose 0 = s + 3*m - 26, -52 = -g*s - 3*m. Calculate the highest common factor of 182 and s.
26
Suppose -4*f = -2 - 6. Suppose f*i + 2*i = 0. Let b = 2 - i. Calculate the highest common divisor of 8 and b.
2
Let h = -86 - -93. Calculate the highest common factor of h and 35.
7
Let d = 13 + 7. Let u be 1/3 - (-357)/9. Calculate the greatest common factor of d and u.
20
Suppose 0 = -r - 2*r + 18. What is the greatest common factor of r and 30?
6
Suppose -4*x = -0*x. Suppose 0*f + 5*f - 25 = x. Let t = -1 + f. What is the highest common divisor of t and 12?
4
Suppose 0 = 4*p - 8*p - 32. Let y be 32/p*1/(-1). Calculate the highest common divisor of 8 and y.
4
Let k(f) = 10*f**2 + f + 1. Let y be k(-2). Let l be -4 - -1 - (-9 - y). Calculate the greatest common factor of l and 9.
9
Let x = 4 - 1. Suppose -3 = 2*a + x. Let g(y) = y**2 + y + 2. Let j be g(a). Calculate the greatest common divisor of 8 and j.
8
Let n = -3 - -7. Suppose n*p = -16, g + 3*p = 11 - 0. Let j(i) = 4*i**2 + 6*i + 7. Let d be j(-6). What is the highest common factor of g and d?
23
Let k(d) be the first derivative of d**4/4 + 4*d**3/3 - 7*d**2/2 - 1. Let m be k(-5). Suppose -m = 2*f - 3*f. What is the greatest common factor of 15 and f?
5
Suppose 5*y - u + 2*u - 10 = 0, 4*y - 5*u = 37. Let s be y/((9/(-120))/(-1)). Let t = -13 - -23. What is the greatest common factor of s and t?
10
Suppose 3*b - 14*w = -13*w + 55, -w + 2 = 0. Let x = -53 - -167. What is the highest common factor of b and x?
19
Let w(l) = -2*l**2 - 7*l - 5. Let t be w(-2). Suppose 2*v - 33 = -v. What is the highest common factor of t and v?
1
Let x be (1/2)/((-1)/(-36)). Let m(r) = -1 - 5*r + 4*r**